 m be (-140)/b - 2/(-6). What is the units digit of (-12)/10*(-80)/m?
8
Let m(w) = -5*w - 4. Let x be m(6). Let p = x - -24. Let j = 17 - p. What is the units digit of j?
7
Suppose -11*s + 6*s + 20 = 0. Suppose -200 = -s*t - 0*t. What is the units digit of t?
0
Suppose -5*a + 15 = -2*a - 3*t, -a + 3 = t. Suppose 0 = -n - 2, -a*n - 1114 = -4*k - 7*n. What is the units digit of k?
0
Suppose -3*l = 5*p - 7 - 24, -26 = -4*p - 3*l. Suppose -2*a - 9 = -p*a. Suppose a*t + j = 7, 10 + 6 = 4*j. What is the units digit of t?
1
Let k(v) = v**3 + 3*v**2 + 2*v. Let h = -5 + 8. Let i be k(h). Suppose 2*q = i + 24. What is the tens digit of q?
4
Suppose -4*u + 3*m + 3663 = 0, -16*m = 5*u - 17*m - 4576. What is the hundreds digit of u?
9
Let q = 41 + -26. What is the units digit of (-1338)/(-18) + q/9?
6
Suppose 5*q + 259 = v + 3485, -2*q + 5*v = -1295. What is the tens digit of q?
4
Suppose 5*y - 202 = 1373. What is the hundreds digit of y?
3
Let u be (159/(-4))/(-1) - 7/(-28). Suppose -a - 2*k - u = -3*a, 0 = 2*a - k - 36. What is the units digit of a?
6
Let s = -2 - -32. Let v = 41 - s. What is the units digit of v?
1
Let t(f) = -3*f - 1. Let s be t(4). Let k(u) = -u**3 - 14*u**2 - 15*u - 8. What is the units digit of k(s)?
8
Let n(z) = 0*z**2 + 0*z + 2*z**3 + 2*z + 2*z**2 - z**3. What is the units digit of n(4)?
4
Suppose -t = -2*z - 228, 0*z - 2*z = -3*t + 684. What is the hundreds digit of t?
2
Let a(d) be the third derivative of -d**4/3 - 4*d**3/3 - 18*d**2. What is the tens digit of a(-12)?
8
Suppose 560 = 7*i - 301. Let y = i - 17. What is the tens digit of y?
0
Suppose 10 = 5*l, w - 2*w - 5*l + 13 = 0. Suppose a - 2*a + w = 0. Suppose -5*y + a*i + 157 = 30, 5*y = i + 129. What is the tens digit of y?
2
Suppose 0 = -t + 20 + 100. Suppose -5*c + 40 = -t. What is the tens digit of c?
3
Let c(u) = -2*u**2 + 27*u - 34. Let f be c(12). Suppose 16 = -t - 3*t, f*t - 132 = -4*p. What is the units digit of p?
5
Suppose 1573 = -6*j + 7717. What is the tens digit of j?
2
Suppose -4*l + l - 3*m = 639, -1067 = 5*l + 4*m. Let b = l + 387. What is the units digit of b?
2
Let v(t) = -44*t**3 - 5*t**2 - 4*t + 11. What is the thousands digit of v(-3)?
1
Suppose h - 4*k = 3, 5*h - 3*k - 2*k = -15. What is the tens digit of -2 + 522/10 - (-1)/h?
5
Let k(x) = -12*x + 30. What is the hundreds digit of k(-16)?
2
Suppose -g - 4*t - 19 = 0, 2 = -2*g + 5*t - 10. What is the tens digit of (-984)/(-33) - 2/g?
3
Suppose 7*p + 2*l = 2*p + 16, 0 = 5*p - 4*l + 2. Suppose 1 = p*n - 7. Suppose -2*t - n*z = -58, 4*t + 0*t + 3*z - 91 = 0. What is the tens digit of t?
1
Let x(k) = -k**2 + 8*k - 15. Let g be x(6). Let i be 10/15 + (-76)/g. Let y = 46 - i. What is the units digit of y?
0
Suppose -y + 6*y + 3*a = 83, -5*a = y - 21. What is the units digit of y?
6
Suppose 5 = -6*l - 7. Let q be (4 - 2)*(-2)/l. Suppose -v + 8 = q*o + v, v - 7 = -4*o. What is the units digit of o?
1
Suppose 0 = -7*n + 2*n - 3*y - 95, -4*n - 76 = 5*y. Let p = n - -16. What is the tens digit of 45 + p + (3 - 4)?
4
Let g be (-1)/2*-14 - 2. Suppose g*y - 165 - 150 = 0. What is the tens digit of y?
6
Suppose -5*y = -3*x + 13 + 329, y = 2*x - 221. What is the tens digit of x?
0
Suppose 5*y + 5*o = 9*o + 1230, -469 = -2*y - 3*o. What is the units digit of y?
2
Let a = -117 - -116. What is the units digit of 10/((-20)/(-18) + a)?
0
Let b(w) = -2*w + 11. Let n be b(4). Let d(x) = 12*x**3 + x**2 - x. Let g be d(1). Suppose n*s - g = s. What is the units digit of s?
6
Suppose 0 = -5*z + 3*c + 26, -4*z + 4*c = c - 22. Suppose i - 40 = -z*i. Suppose -s + i = -0*s. What is the units digit of s?
8
Let l(j) be the third derivative of j**5/60 + j**4/12 + j**3/2 - 3*j**2. What is the units digit of l(-2)?
3
Let n = 1 + -36. What is the tens digit of -26*n/8 - 1/(-4)?
1
Suppose 3*u = 3*z + 696, 3*z - 6*z = -2*u + 461. Suppose -2*r = -1915 + u. What is the tens digit of r/22 + 18/(-99)?
3
Let r(i) = i**3 + 2*i + 5*i - 8 + 7*i**2 - 3*i. Let j be r(-6). Suppose -2*f + 403 - 131 = j*z, 272 = 4*z + 4*f. What is the units digit of z?
8
Suppose 19*y - 1614 = 13*y. Suppose 0 = -4*j - 5 + y. What is the units digit of j?
6
Let u = 111 + -31. Let a = u + -13. What is the tens digit of a?
6
Suppose 9*b + 184 = 1498. What is the hundreds digit of b?
1
Let v(j) = 71*j**2 - 10*j. Let k be v(-2). Let x = k + -133. What is the tens digit of x?
7
Let z(i) = 2*i**2 + 2*i - 1. Let g(o) = -o - 5. Let a be g(-6). Let d be z(a). Suppose -d*c + 14 = -0*c - 4*l, 2*c - 4*l - 8 = 0. What is the units digit of c?
6
What is the units digit of (-2372528)/(-1027) + 4/(-26)?
0
Let b be ((-2)/(-2))/((-4)/488). What is the units digit of b/(-6) + (-4)/3?
9
Let h = -1116 + 2537. What is the thousands digit of h?
1
Suppose -6 = -6*a + 18. Suppose a*y = -3*b - y - 20, 0 = 2*b + 4*y + 16. Suppose b - 31 = -n. What is the tens digit of n?
3
Let x be 12 + -1 + -3 + 0. Let m(y) = -y**3 - 5*y**2 - 3*y + 5. Let w be m(-5). Suppose -4*u - 27 = -h, h + u + x - w = 0. What is the tens digit of h?
1
Let p(s) = -s**2 + 15*s - 11. Let t be p(12). Let w = t + -27. What is the units digit of ((-10)/w)/(0 + 1)?
5
Let s(h) be the second derivative of h**3/2 + 13*h**2/2 - 15*h. What is the tens digit of s(9)?
4
Suppose 3*f - 5*w - 817 = 0, 3*f - 1074 = -2*w - 271. What is the tens digit of f?
6
Let d = -9 + 11. Suppose -3*s = -d*s - 168. Suppose -s = -5*x + 37. What is the units digit of x?
1
Suppose -3*y + f = 123, 0 = 3*y - 2*f + 45 + 81. Let a be (-16)/y - (-104)/(-10). Let r(s) = -s**2 - 12*s + 4. What is the tens digit of r(a)?
2
Let n(t) = 93*t - 1. Let s be n(-5). Let j = -296 - s. What is the units digit of (-1 - -2)/(10/j)?
7
Suppose 2*c - 4 = 10. Let y(g) = 31*g + 17. What is the tens digit of y(c)?
3
Suppose -138 = -z - 3*j, 385 = 3*z + j - 21. What is the hundreds digit of z?
1
Suppose -m + 36 = 2*a + 7, 0 = 4*m - 3*a - 94. Let u = -1 - -2. Suppose u = 2*t - m. What is the units digit of t?
3
Let u = -10 + 18. Suppose u*d - 9*d = -129. Let n = d + -82. What is the units digit of n?
7
What is the tens digit of ((-1)/3)/(9/(-3375))?
2
Let c = -21 + 27. Let g(w) = -w**2 + 6*w. Let d be g(c). Suppose 5*y - 3*y - 36 = d. What is the tens digit of y?
1
What is the units digit of 0 - (1392/(-290))/(1/235)?
8
Suppose 2*u = 3*v + 14, -2*u + v + v = -12. Suppose 0*p = 3*i - 2*p - 74, -u*i + 92 = -p. What is the tens digit of i?
2
What is the tens digit of (8 - 2) + 947 + -21?
3
Let z(d) = d - 17. Let x be z(12). Let m be 1 - (-150 - (x - -3)). Suppose 4*k - m = -37. What is the units digit of k?
8
Let h(o) = o**3 - 9*o**2 + 8*o + 10. Let f be h(8). What is the units digit of (-3 + f)*(4 + 3)?
9
Suppose -2 = -b - 0*b. Let i = -20 - -22. Suppose 5*v - 366 = -i*d, d = -b*v - 2*v + 291. What is the units digit of v?
2
Let o = -66 - -34. Let v = 85 + o. What is the tens digit of v?
5
Suppose 0 = -10*j + 3063 - 273. Suppose -3*l = -3*f - j - 192, -2*f = l - 166. What is the hundreds digit of l?
1
Let y(i) = 2*i**3 - 26*i**2 - i - 15. What is the tens digit of y(14)?
6
Let b be (156/9)/(2/6). Suppose -z + b = 3*z. Let t = -3 + z. What is the units digit of t?
0
Let o(f) = 6*f - 30. Let i(s) = s. Let q(u) = 5*i(u) + o(u). What is the units digit of q(9)?
9
Suppose 0 = 21*i - 14312 - 7654. What is the thousands digit of i?
1
Let s(d) = -26*d**2 + d. Let c(t) be the first derivative of -53*t**3/3 + t**2 + 5. Let j(l) = 6*c(l) - 13*s(l). What is the tens digit of j(-1)?
2
Suppose 213*u + 13360 = 223*u. What is the tens digit of u?
3
Let f be (32 - 11) + 0 + 0. Let a be f - -4 - (-1 - -2). Suppose 3*d = 69 + a. What is the tens digit of d?
3
Suppose -2*a = 3*n - 5*n + 16, n - 28 = 5*a. Suppose n*j = -259 + 997. What is the units digit of j?
6
Suppose 5*s = 5*f - 8760, 4*f + 13*s - 7048 = 9*s. What is the units digit of f?
7
Suppose 22*a + 3 = 21*a, -5*s + a + 3368 = 0. What is the hundreds digit of s?
6
Let h(v) = 3*v**2 + 7*v + 7. What is the hundreds digit of h(5)?
1
Let f = 993 + 1874. What is the thousands digit of f?
2
Suppose 0 = 3*u + u - 3760. What is the hundreds digit of u?
9
Let z(k) = -k**3 - 7*k**2 - 4*k + 16. Let l be z(-6). Suppose 159 = l*c - 553. What is the units digit of c?
8
Let g = -2 - -6. Let b(c) = -1 + c**3 + 2*c + 5*c**2 - 7*c**2 + 0 + 0*c**2. What is the uni